
-26407
What is 29397 (base 13) in base 2?
10010111011010110
What is 348669 (base 14) in base 7?
21134462
What is 10900ca (base 13) in base 14?
964ac8
What is 111110110011000 (base 2) in base 3?
1122002211
-6537 (base 8) to base 2
-110101011111
Convert 3b0b6 (base 16) to base 13.
86107
-1010101011010101001 (base 2) to base 8
-1253251
-176b096 (base 14) to base 13
-2517661
What is 14313321 (base 5) in base 15?
2eb76
What is 3077404 (base 10) in base 12?
1044aa4
-107c926 (base 14) to base 11
-44701a8
What is 45320512 (base 6) in base 15?
1c3972
What is -30186 (base 12) in base 14?
-18a90
Convert 417625 (base 9) to base 11.
15a670
265365 (base 8) to base 4
112223311
Convert -4165 (base 16) to base 2.
-100000101100101
10211111122 (base 3) to base 10
75455
What is -27a47 (base 15) in base 14?
-344d2
-2662425 (base 8) to base 15
-eb3ed
-22012121011121 (base 3) to base 8
-20507003
What is 100014222 (base 5) in base 2?
1011111101010000100
2402031002 (base 5) to base 11
3118810
What is 2297275 (base 10) in base 2?
1000110000110110111011
Convert 24030c2 (base 13) to base 2.
101010100001000101000011
Convert 1021020221000 (base 3) to base 9.
1236830
Convert 408df0 (base 16) to base 12.
1500354
What is -100100101111011010101010 (base 2) in base 9?
-20108717
What is -1110110010110111 (base 2) in base 7?
-341450
Convert 139967 (base 13) to base 11.
2a7439
Convert 43f15 (base 16) to base 14.
735c1
Convert -2211232303 (base 5) to base 11.
-2781636
What is 10020002122222 (base 3) in base 2?
110100010100010111100
What is -585408 (base 10) in base 13?
-1765c5
What is 3423230 (base 5) in base 10?
61065
-10011111111000101 (base 2) to base 13
-2b350
-12110222121 (base 3) to base 11
-74064
-17607264 (base 8) to base 2
-1111110000111010110100
877da7 (base 14) to base 3
22122100222012
What is 160212 (base 9) in base 16?
1811c
What is 1211100022011 (base 3) in base 7?
11153425
2855088 (base 10) to base 6
141110000
What is 140f52 (base 16) in base 2?
101000000111101010010
What is -102303232100 (base 4) in base 10?
-4930448
Convert -31220012323 (base 4) to base 7.
-42235306
Convert 131502 (base 6) to base 11.
9076
Convert -144132514 (base 6) to base 9.
-5568761
What is -1212001020001 (base 3) in base 2?
-11110000011111010010
Convert 120202122101200 (base 3) to base 13.
1974492
23223544 (base 7) to base 6
111415151
Convert -36644430 (base 7) to base 5.
-1320213213
-131750 (base 10) to base 6
-2453542
Convert -1a559 (base 16) to base 4.
-122111121
What is 116008 (base 13) in base 7?
3340132
Convert -40b22 (base 12) to base 11.
-58588
1001001110100111001 (base 2) to base 9
510722
What is -57232137 (base 8) in base 13?
-2751c0c
What is 32b4da (base 14) in base 3?
10020110101221
What is 63103456 (base 7) in base 3?
100222220002001
What is 9b399 (base 15) in base 14?
cbc2d
Convert 14634952 (base 10) to base 4.
313310333020
101001102030 (base 4) to base 14
841db6
-1121021101021 (base 3) to base 11
-531a28
-61470202 (base 8) to base 14
-1a27598
314100400 (base 5) to base 8
5011615
Convert -16356 (base 10) to base 4.
-3333210
12705882 (base 9) to base 10
6263561
-32330021333 (base 4) to base 16
-3bc27f
Convert -37b11 (base 14) to base 3.
-20221102021
Convert 454837 (base 9) to base 12.
111907
-144b777 (base 15) to base 2
-110111111101011001111101
Convert 212a32 (base 14) to base 7.
12350562
What is -13310123 (base 5) in base 10?
-135038
Convert 2000221200121 (base 3) to base 13.
2bb409
5460423 (base 7) to base 14
1362ba
10202012202201 (base 3) to base 6
110411031
What is 70b6a (base 16) in base 4?
1300231222
312a0 (base 14) to base 11
8105a
What is -dbc7 (base 15) in base 13?
-1824a
Convert -1754ac (base 13) to base 5.
-122124043
Convert 37316 (base 13) to base 4.
120303110
What is -11117007 (base 8) in base 10?
-2399751
What is 18334 (base 15) in base 7?
444265
33178447 (base 9) to base 2
111101001111100010000101
Convert 352366 (base 8) to base 10.
120054
Convert -115022254 (base 6) to base 7.
-24444136
What is 312302233 (base 4) in base 12?
a9a67
Convert 65609 (base 11) to base 2.
10111010000000100
-67323 (base 9) to base 7
-244263
-22122021021 (base 3) to base 16
-29845
What is -11122122212 (base 3) in base 13?
-32909
543277 (base 10) to base 11
341199
What is -1565135 (base 7) in base 9?
-361778
-40084272 (base 9) to base 11
-a915949
165040623 (base 7) to base 5
10343213334
Convert -1211121102 (base 3) to base 7.
-210302
4674278 (base 9) to base 5
1121413014
-11020001122 (base 3) to base 4
-110103032
What is 1310322222 (base 4) in base 16?
74eaa
What is 542445 (base 11) in base 6?
30325542
Convert -25162724 (base 8) to base 7.
-65202111
Convert -343201214 (base 5) to base 16.
-177694
Convert 3d2c (base 15) to base 2.
11001100100100
-4668372 (base 9) to base 16
-26897c
Convert -1c7ba7 (base 14) to base 6.
-33511423
What is a1c45 (base 13) in base 4?
1012301210
36502446 (base 8) to base 9
16087332
-10112021102200 (base 3) to base 15
-2709a3
-13111 (base 16) to base 12
-39241
1ab6c (base 16) to base 9
176077
21a46 (base 15) to base 12
51a79
Convert 43042230 (base 5) to base 11.
228134
Convert 28275838 (base 9) to base 3.
222022112221022
Convert -22000001121212 (base 3) to base 5.
-2042041322
What is -202011021011 (base 3) in base 16?
-60de1
1085d59 (base 16) to base 3
1012121012222112
What is 1388a2 (base 11) in base 16?
34e7e
What is 11101111001110010010010 (base 2) in base 9?
15666811
Convert -11200201001020 (base 3) to base 13.
-694209
400431030 (base 5) to base 10
1577015
-250355324 (base 6) to base 12
-172bb44
Convert 7123773 (base 8) to base 4.
13022133323
What is 43278 (base 10) in base 2?
1010100100001110
-101111010001001000 (base 2) to base 10
-193608
31bbb (base 14) to base 4
131113321
What is 1100101100010110111 (base 2) in base 8?
1454267
10011011101100100000101 (base 2) to base 6
301203325
Convert -64375061 (base 8) to base 11.
-7849997
Convert -133131111 (base 4) to base 2.
-11111011101010101
-ee70 (base 16) to base 11
-41951
dc23c (base 15) to base 4
2222223330
30660356 (base 9) to base 16
e0f54d
-34085 (base 12) to base 8
-207145
Convert 133b8b3 (base 13) to base 8.
27054304
-14a4641 (base 13) to base 12
-2267906
60940 (base 16) to base 14
a4240
What is 12142124 (base 5) in base 12?
56875
What is -323114 (base 14) in base 8?
-6365676
8700c (base 15) to base 2
1101000101001011101
Convert -457a94 (base 11) to base 13.
-1c64c0
What is 1ac93 (base 13) in base 14?
152ab
-512244522 (base 6) to base 8
-41426042
What is 741529 (base 10) in base 16?
b5099
Convert 28472 (base 15) to base 8.
374351
-1010111122010 (base 3) to base 9
-1114563
Convert -41781 (base 11) to base 8.
-166637
Convert 2121201022001 (base 3) to base 9.
2551261
-18b047 (base 13) to base 15
-c4d57
Convert 1dd4a5c (base 14) to base 16.
e5654a
Convert -12423176 (base 8) to base 12.
-b12712
Convert -27597 (base 14) to base 11.
-66aa1
What is -745310 (base 11) in base 13?
-329cb5
-244373 (base 14) to base 15
-197a6c
Convert 4701020 (base 8) to base 12.
517a40
What is -277667 (base 13) in base 2?
-11101010001000001111
Convert -307388 (base 11) to base 8.
-1702601
-3521555 (base 6) to base 16
-2c66f
-53ba2 (base 12) to base 7
-640235
What is -148468 (base 10) in base 13?
-52768
-11001111100010 (base 2) to base 4
-3033202
-1121101121 (base 3) to base 2
-111101110010001
What is 450161 (base 7) in base 10?
79325
446222 (base 10) to base 4
1230330032
22112110 (base 4) to base 16
a594
What is -35a82 (base 13) in base 6?
-2035504
13625126 (base 8) to base 13
842c17
What is 145a79 (base 14) in base 4?
2230223023
Convert -1111313120 (base 4) to base 9.
-585402
-104240311 (base 6) to base 12
-770097
What is 51352134 (base 6) in base 12?
5b264a
-2955326 (base 11) to base 5
-2244312312
-330b81 (base 12) to base 6
-25211441
Convert -551350454 (base 6) to base 9.
-20520117
What is 245252245 (base 6) in base 10?
4734821
What is -121200222221 (base 3) in base 9?
-550887
What is 15919a0 (base 13) in base 15?
9227eb
-2363802 (base 11) to base 5
-2023302314
-20124222 (base 5) to base 12
-79343
Convert 84184 (base 16) to base 9.
1014167
Convert 23ca2 (base 13) to base 7.
363023
Convert 2851701 (base 10) to base 6.
141042153
What is -41061 (base 7) in base 6?
-114130
Convert -29094 (base 14) to base 5.
-11223113
Convert 2132